-1).
-19
What is 39 + (1 - 2 - (305 + -305))?
38
0 - (-21 + 49 + -14)
-14
What is the value of -861 - -884 - (7 + -1)?
17
Evaluate 0 + (-3 - (0 + (5 - 3) - -5)).
-10
What is 16 - (-11 + (9 - (10 - -4)) - -6)?
26
What is the value of 0 + (1 - 1) + -195 + 200?
5
What is the value of 9 + -9 + -1 - -4 - 0?
3
Evaluate (9 - 1) + 141 + -138.
11
Calculate 3 - (9 + -3 + 0 + 0 + 1).
-4
Calculate 19 + (9 - (1 + -7 + 8 + 6)).
20
Calculate 23 - (-1 + 4 + -10 + -5 + 23).
12
What is the value of -14 + 15 + -14 + (-2 - 3)?
-18
(-1 - -2) + (-5 - -7) + 9 + -7
5
What is the value of -9 + (5 - -11) - -5?
12
What is the value of 84 + -89 - (-13 + -6)?
14
What is 4 + 11 - (8 - (20 + -9))?
18
Evaluate 61 + -60 + (-19 - (-5 + 1)).
-14
Calculate 10 + 16 + -31 + -5.
-10
Calculate 10 - (29 - 31) - -15.
27
Calculate (4 - 1) + (-3 + -2 - -10 - 2).
6
What is the value of -3 - (1 + -1) - (-10 - -12)?
-5
Evaluate (155 - 145) + (-1 - 12).
-3
What is (21 - 36) + -3 - -21?
3
What is the value of (0 + 15 - (73 - 41)) + 3?
-14
What is 139 + -126 - (-3 + (-3 - -15))?
4
What is the value of (4 - (12 + -6)) + 6?
4
(-13 - 4) + 22 - 13 - 7
-15
What is (1 - (9 + -13)) + 3 - 33?
-25
What is 10 - ((8 - -1) + 6)?
-5
What is 0 + -8 - (-48 + -21 + 3 + 27)?
31
(-3 - 2) + 327 + -333
-11
Evaluate 1 + -4 - (12 - 15 - -10).
-10
What is the value of 414 - 396 - (2 - -37)?
-21
What is the value of 3 - (-8 + (8 - 3)) - (4 + 1)?
1
Evaluate (15 - (0 - -3) - 10) + 1 + -15.
-12
What is -21 - (-24 + (-19 - -49))?
-27
Evaluate -8 + 4 + 8 - -1.
5
What is the value of 0 + -4 + (1 - 3) + 0 - -8?
2
What is -19 + -12 + 24 - (10 - 11)?
-6
Evaluate 0 - (-10 - -4) - 11.
-5
Evaluate 4 + (-10 - 2) + -11 + 6.
-13
Evaluate 0 + -1 - (-175 + 186).
-12
6 + (-5 - (0 - (-3 - -3))) - 0
1
Calculate -4 - -2 - 4 - ((24 - 27) + -2).
-1
What is the value of -1 - 0 - 10 - 4 - 4?
-19
What is the value of -8 + 12 - (-96 - -86)?
14
What is the value of (-13 - 1) + (-34 - -23) + 16 + 0?
-9
What is the value of -3 - (6 + -10 - (-12 - -3))?
-8
Calculate 2 + 10 - ((-31 - 4) + 22).
25
212 + -226 + (-2 - 1) + 43
26
Calculate (1 - 1) + (41 - 38).
3
Evaluate 5 + -24 + 6 + 16.
3
What is 8 + (-1 + (0 - -2) - 4)?
5
Calculate -16 + -4 + 18 + -2 + -1 + 0.
-5
(-19 - (-3 - 1)) + 5 + 10
0
-3 + (-1 - 1) + 0 + -5
-10
Evaluate (101 + -79 - (3 - (8 + 3))) + -8.
22
What is -23 + -17 + 52 + -14?
-2
What is the value of -4 + (3 - -3 - -3)?
5
What is the value of 30 + (18 - 38) + -15?
-5
8 + (-12 - (-5 - 4)) - 1
4
8 + -8 + -7 + 3 + 9 + -6
-1
What is (-12 - 1 - (74 - 75)) + 1?
-11
Calculate (1 - 5) + (-8 + 8 - -26).
22
What is the value of -16 - -21 - (-5 + -1 - 2)?
13
5 + 35 + -38 + 4 + 12 + -1
17
Evaluate (170 - 162) + (-5 - 2) + -2.
-1
-2 + (-1 - -3) + (-261 - -251)
-10
What is the value of 3 + 12 - (-58 + 60)?
13
What is -14 + 88 - (10 + 37)?
27
What is the value of 13 - (3 + -16 + 21) - (1 + 21)?
-17
Calculate -260 - -300 - (21 - 0).
19
What is the value of (-1 - -27) + -12 + -33?
-19
Evaluate (78 - 78) + (-3 - -1).
-2
What is the value of (33 - -2) + (45 - 67) + 9?
22
What is the value of (-7 - (0 + -4 - 1)) + -16 + 6?
-12
Evaluate -51 - -17 - -40 - (-1 + -2 + 15).
-6
Evaluate 11 - ((5 - (20 + -6)) + 2 + 8).
10
What is the value of -28 + (-2 - -11 - -2) - -6?
-11
Calculate 16 + -7 + 2 + -9.
2
What is the value of 6 + 2 + 6 + -8 + -3 + 2?
5
Evaluate (-2 - 2) + -3 + 10 + (2 - -5).
10
Evaluate -5 - 13 - (8 - (-3 - -18 - 1)).
-12
What is the value of (-14 - (8 - 49)) + (-2 - (-5 + -4))?
34
0 + (-8 - -5 - ((-8 - -15) + -6))
-4
Evaluate 17 + (-11 + -20 - -7).
-7
What is -8 + (-9 - -11) - (7 - 2)?
-11
What is 25 + 0 + -26 - (0 + 2 + 1)?
-4
What is the value of (0 + 1 - -20) + -372 + 369 + -3?
15
What is (1 - (3 + -1)) + -16 + (-13 - -16)?
-14
What is the value of 166 + -195 - (3 - 56)?
24
What is the value of -1810 + 1814 + -3 + 1 + 1 + -15?
-12
Evaluate 27 + (14 + -4 + -6 - 14).
17
-33 - -9 - (-20 + -2)
-2
What is the value of 1 + -43 + (-37 - -85)?
6
Calculate (16 + -23 - 23) + 19.
-11
Calculate -51 + 58 + (-2 - (-2 + 2)) - -23.
28
0 + (6 - (-8 + -1)) + 5
20
32 + (47 - (144 - 43))
-22
What is the value of -24 - -3 - ((-9 - 1) + 7 - 8)?
-10
Calculate -23 - (-15 - (7 - -8)).
7
1 + 13 - (-108 - -110)
12
Calculate -12 + 1 + 10 - -3.
2
Calculate 426 + -429 - (4 + (-3 - 1)).
-3
What is the value of 39 + -38 - ((14 - 1) + 6)?
-18
26 + -8 + -11 - 7
0
What is the value of 1 + 25 + -8 + -6 + 0 + 25?
37
-6 - (-18 - (9 + -1 + -13))
7
Evaluate 1 - (3 + -6 + (0 - (1 - 5))).
0
Calculate 9 + (-5 - (2 + -3)) - (-5 - 0).
10
5 - (2 + (9 - 11))
5
What is (7 + (0 - 8) - -4) + 2?
5
What is the value of -6 - 1 - (1 - (-10 - -9 - -11))?
2
Calculate (1 - (0 + 3)) + (19 + -38 - -11).
-10
What is 8 - (-8 + (-11 - (-23 - -17)))?
21
Calculate -11 + (0 + 6 + 0 - (-10 + 1)).
4
What is -5 + -2 + (0 - 13 - -32)?
12
(1 - 2) + -4 + 3 - (-320 - -337)
-19
Calculate 28 + -25 - (-5 + -5 + 10).
3
Evaluate 3 + -8 + 1 - (-1 - 28).
25
What is -6 + (8 - (10 + 6 + -9))?
-5
Calculate -37 + 29 + -37 + 8 + 0.
-37
Evaluate (2 - 2) + 6 - (-195 + 202).
-1
Calculate -3 - ((10 - (-4 + 4)) + (-1 - 2)).
-10
What is (-74 - -70 - (-1 + -7 - 0)) + -25?
-21
What is 6 + -1 + -1 + 8 + 8 + -17?
3
What is the value of 1 + -3 + (-18 - -12) - -18?
10
Evaluate 49 + -50 + -1 + -1.
-3
Calculate -141 + 140 - (-1 + 1 + 0 + 1).
-2
What is 12 - ((18 - -7) + -9)?
-4
Calculate (-7 - 7 - -5) + (-28 - -6).
-31
What is -25 + (-4 - (-3 - 13))?
-13
What is (-21 - -14) + 21 + -1 + 0 + 0?
13
What is the value of -1 + 10 - ((14 - 9) + -11)?
15
Calculate 4 - (3 + (-3 - -3)) - (-33 - -32).
2
What is the value of (20 - 2) + 60 + -47 - -5?
36
-2 + (10 - 1 - (4 + (37 - 10)))
-24
What is the value of (3 - 0 - (124 - 134)) + -8?
5
What is the value of 10 - -41 - (127 - 87)?
11
-10 - (12 - (-3 - ((-2 - -4) + -10)))
-17
Evaluate (19 - -1 - 9) + -12 + 14.
13
Calculate (7 - (0 + 8 + 14)) + 4.
-11
Evaluate 42 - (23 + -10 + 5 + 1).
23
What is the value of 10 + (-3 - 0) + (12 - 16) + 0?
3
Calculate 413 + -396 + (-1 - (-2 + 4 - -3)).
11
-3 - ((-6 + -5 - -7) + 14)
-13
Evaluate -751 + 752 + 7 + (-1 - -2).
9
8 - (7 + (0 - 1))
2
Calculate -4 - ((-13 - -5) + 8).
-4
Calculate 68 + -22 + -31 + -44.
-29
Calculate (96 + -96 - (16 - 1)) + -10.
-25
What is the value of -3 + (6 - (-2 - (10 - 5 - 10)))?
0
-4 + (-12 - -30 - 31)
-17
Calculate 13 + -16 - ((5 - 5) + -1 + -7).
5
-5 + (2 + (7 - 6) - (4 - -12))
-18
-5 + (-18 - (8 + -15) - -6)
-10
0 + 20 + -4 - 29
-13
What is -14 + (-8 - -34) - 0?
12
7 - ((28 - (0 - -14)) + -6)
-1
Calculate -12 + 18 + 5 - 22.
-11
Calculate 0 + -1 + -8 + -2 + (0 - -10).
-1
Calculate 41 + (-56 - -45) + -36.
-6
Evaluate -2 - (26 + -1) - (-12 + 2).
-17
What is -13 - (-6 + (-8 - (0 + -2 + -4)))?
-5
What is (183 - 185) + (-2 - -2 - 2)?
-4
What is the value of -7 - (18 + -68 + 32)?
11
What is the value of -8 - (-3 - (0 + 6 + -3))?
-2
Evaluate (156 - 143) + (-29 - (-1 - 1)).
-14
Calculate 18 + -19 - (4 - 5) - -3 - 0.
3
What is the value of (-2 + 4 - 30) + (-14 + 36 - 16)?
-22
Evaluate 1 - (8 + 2 + 8 + (-17 - -7)).
-7
Evaluate (77 - 83) + 1 + 7 + 1 + 3.
6
Evaluate -3 + 22 + -36 - -26.
9
-30 + -5 + (10 - 7) + -9 + 3
-38
Calculate 16 + -15 + 29 + -11 - -8.
27
Calculate -15 + -4 + (9 - (-6 - -4)) + -1.
-9
What is 3 + (10 + -32 - -17)?
-2
Evaluate 6 + -14 + 14 + -11.
-5
Calculate (12 - 1) + (0 + 1 + 3 - 4).
11
Evaluate 0 - -45 - (-23 - (-3 - 36)).
29
Calculate 0 + (267 - 244) + -1 + 0.
22
Calculate 3 + -1 - (-48 + 46).
4
What is -17 - (-6 + (-11 + 8 - -4))?
-12
Evaluate 1 + 0 + (-1 - -10) + (69 - 89).
-10
Evaluate (-3 - (-6 - -7)) + 3 - (10 - 5).
-6
What is the value of -11 + (-3 - -13) - (-2 + 7 + -6)?
0
Calculate (2 - (-9 + 3)) + -19 + (-48 - -29).
-30
Calculate -3 + 2 + 16 - (10 + -2).
7
(-38 + 116 - 66) + (0 - 34)
-22
Evaluate 16 + 34 + -45 - 1.
4
Calculate (-17 - -8 - 8) + 2.
-15
What is -4 - -6 - (-48 + 35) - 10?
5
What is the value of -4 - (20 + -7 + -11)?
-6
8 - -1 - (2 - (3 + (-2 - -3)))
11
(-6 - (6 + 1)) + 19
6
Calculate -5 + -1 + (-17 - (-24 - -13)).
-12
Evaluate 5 + 11 - (17 + -7 + 15).
-9
13 + -5 + 1 + -34 + 12
-13
-82 - -89 - (-1 + 22) - (-2 + -3)
-9
Evaluate 12 - 21 - (1 + (-10 - -3)).
-3
What is the value of 4 + -9 + (16 - (24 + 13))?
-26
What is 11 - (-7 + 8 - -3)?
7
Calculate (61 - 46) + (-23 - -1).
-7
Evaluate 3 + -11 + 18 + 